s digit of 26?
6
What is the hundreds digit of 3499?
4
What is the tens digit of 9887?
8
What is the thousands digit of 1683?
1
What is the ten thousands digit of 85489?
8
What is the hundreds digit of 1931?
9
What is the units digit of 51224?
4
What is the units digit of 3157?
7
What is the hundreds digit of 1031?
0
What is the hundreds digit of 239?
2
What is the hundreds digit of 1208?
2
What is the hundreds digit of 2946?
9
What is the ten thousands digit of 105817?
0
What is the hundreds digit of 2441?
4
What is the hundreds digit of 389?
3
What is the tens digit of 19698?
9
What is the tens digit of 1039?
3
What is the thousands digit of 2215?
2
What is the thousands digit of 24431?
4
What is the hundreds digit of 4068?
0
What is the units digit of 12475?
5
What is the tens digit of 645?
4
What is the hundreds digit of 4960?
9
What is the tens digit of 38214?
1
What is the hundreds digit of 664?
6
What is the tens digit of 16367?
6
What is the tens digit of 5732?
3
What is the hundreds digit of 1331?
3
What is the thousands digit of 7626?
7
What is the thousands digit of 3707?
3
What is the units digit of 151?
1
What is the thousands digit of 30929?
0
What is the ten thousands digit of 13989?
1
What is the thousands digit of 27489?
7
What is the tens digit of 12188?
8
What is the units digit of 68451?
1
What is the hundreds digit of 4651?
6
What is the tens digit of 19108?
0
What is the hundreds digit of 3875?
8
What is the hundreds digit of 15688?
6
What is the tens digit of 659?
5
What is the units digit of 371?
1
What is the thousands digit of 77697?
7
What is the thousands digit of 5145?
5
What is the thousands digit of 7697?
7
What is the hundreds digit of 90896?
8
What is the hundreds digit of 269?
2
What is the thousands digit of 35626?
5
What is the thousands digit of 1079?
1
What is the thousands digit of 6390?
6
What is the units digit of 9017?
7
What is the units digit of 5853?
3
What is the hundred thousands digit of 106866?
1
What is the thousands digit of 6763?
6
What is the hundreds digit of 3922?
9
What is the units digit of 74556?
6
What is the tens digit of 4686?
8
What is the units digit of 6759?
9
What is the thousands digit of 7580?
7
What is the thousands digit of 1121?
1
What is the thousands digit of 54085?
4
What is the units digit of 5331?
1
What is the units digit of 89176?
6
What is the tens digit of 447?
4
What is the hundreds digit of 16248?
2
What is the thousands digit of 100239?
0
What is the tens digit of 40882?
8
What is the hundreds digit of 2170?
1
What is the tens digit of 102941?
4
What is the units digit of 30?
0
What is the hundreds digit of 9363?
3
What is the tens digit of 5017?
1
What is the tens digit of 216?
1
What is the hundreds digit of 993?
9
What is the units digit of 612?
2
What is the hundreds digit of 1804?
8
What is the thousands digit of 1011?
1
What is the hundreds digit of 87704?
7
What is the tens digit of 7215?
1
What is the units digit of 21322?
2
What is the hundreds digit of 3236?
2
What is the thousands digit of 24689?
4
What is the hundreds digit of 96242?
2
What is the units digit of 79885?
5
What is the units digit of 4951?
1
What is the units digit of 15913?
3
What is the tens digit of 2109?
0
What is the ten thousands digit of 10162?
1
What is the units digit of 55008?
8
What is the tens digit of 3754?
5
What is the units digit of 3448?
8
What is the thousands digit of 9645?
9
What is the ten thousands digit of 46186?
4
What is the thousands digit of 4353?
4
What is the units digit of 212462?
2
What is the hundreds digit of 3213?
2
What is the hundreds digit of 1904?
9
What is the tens digit of 19446?
4
What is the ten thousands digit of 89000?
8
What is the tens digit of 511?
1
What is the thousands digit of 7334?
7
What is the hundreds digit of 120585?
5
What is the hundreds digit of 5117?
1
What is the ten thousands digit of 79458?
7
What is the tens digit of 566?
6
What is the tens digit of 3244?
4
What is the tens digit of 25859?
5
What is the thousands digit of 18076?
8
What is the thousands digit of 26123?
6
What is the hundreds digit of 46251?
2
What is the tens digit of 5943?
4
What is the units digit of 1419?
9
What is the hundreds digit of 946?
9
What is the hundreds digit of 4017?
0
What is the thousands digit of 59524?
9
What is the units digit of 30659?
9
What is the units digit of 872?
2
What is the tens digit of 2123?
2
What is the tens digit of 120715?
1
What is the tens digit of 15839?
3
What is the units digit of 817?
7
What is the units digit of 29425?
5
What is the tens digit of 597?
9
What is the units digit of 6429?
9
What is the units digit of 2764?
4
What is the tens digit of 256?
5
What is the tens digit of 7546?
4
What is the units digit of 21086?
6
What is the units digit of 2202?
2
What is the units digit of 4585?
5
What is the hundreds digit of 5331?
3
What is the hundreds digit of 1598?
5
What is the units digit of 868?
8
What is the tens digit of 2698?
9
What is the ten thousands digit of 13616?
1
What is the units digit of 61?
1
What is the units digit of 26381?
1
What is the tens digit of 21302?
0
What is the units digit of 4411?
1
What is the ten thousands digit of 25898?
2
What is the ten thousands digit of 52998?
5
What is the units digit of 373?
3
What is the ten thousands digit of 13477?
1
What is the tens digit of 48773?
7
What is the tens digit of 6322?
2
What is the ten thousands digit of 10626?
1
What is the tens digit of 55676?
7
What is the thousands digit of 4186?
4
What is the tens digit of 1928?
2
What is the hundreds digit of 116033?
0
What is the thousands digit of 59836?
9
What is the hundreds digit of 9264?
2
What is the hundreds digit of 11134?
1
What is the thousands digit of 1061?
1
What is the units digit of 1857?
7
What is the tens digit of 1557?
5
What is the units digit of 73596?
6
What is the hundreds digit of 232?
2
What is the tens digit of 5852?
5
What is the hundreds digit of 3979?
9
What is the hundreds digit of 255?
2
What is the thousands digit of 13288?
3
What is the thousands digit of 15728?
5
What is the units digit of 73293?
3
What is the thousands digit of 82608?
2
What is the tens digit of 10535?
3
What is the hundreds digit of 814?
8
What is the hundreds digit of 552?
5
What is the tens digit of 194?
9
What is the tens digit of 1667?
6
What is the units digit of 214?
4
What is the units digit of 1785?
5
What is the thousands digit of 19318?
9
What is the ten thousands digit of 10618?
1
What is the tens digit of 172313?
1
What is the tens digit of 118248?
4
What is the units digit of 29569?
9
What is the tens digit of 1147?
4
What is the units digit of 6870?
0
What is the hundreds digit of 8868?
8
What is the thousands digit of 1270?
1
What is the hundreds digit of 1606?
6
What is the units digit of 37600?
0
What is the thousands digit of 19580?
9
What is the thousands digit of 1224?
1
What is the tens digit of 6328?
2
What is the thousands digit of 18659?
8
What is the tens digit of 10424?
2
What is the units digit of 28907?
7
What is the thousands digit of 29283?
9
What is the tens digit of 4468?
6
What is the units digit of 390?
0
What is the hundreds digit of 3547?
5
What is the thousands digit of 1090?
1
What is the ten thousands digit of 19195?
1
What is the tens digit of 6691?
9
What is the units digit of 791?
1
What is the units digit of 6891?
1
What is the tens digit of 543?
4
What is the tens digit of 53751?
5
What is the ten thousands digit of 18419?
1
What is the tens digit of 354?
5
What is the tens digit of 560?
6
What is the units digit of 5887?
7
What is the units digit of 7967?
7
What is the tens digit of 958?
5
What is the tens digit of 35447?
4
What is the units digit of 5695?
5
What is the thousands digit of 2030?
2
What is the hundreds digit of 120656?
6
What is the ten thousands digit of 17838?
1
What is the units digit of 455?
5
What is the thousands digit of 13163?
3
What is the hundreds digit of 3390?
3
What is the ten thousands digit of 82029?
8
What is the units digit of 52645?
5
What is the hundreds digit of 359?
3
What is the thousands digit of 12654?
2
What is the units digit of 517?
7
What is the hundreds digit of 9565?
5
What is the tens digit of 88991?
9
What i